 - -10. Suppose 3*o = -c - 28. Let y(s) = -s**3 - 13*s**2 - 13*s - 5. Let i be y(o). What is the highest common factor of 28 and i?
7
Let m(w) = w**2 + 4*w. Let z be m(-4). Let k(y) = -y**2 - y + 50. Let s be k(z). What is the highest common divisor of s and 125?
25
Suppose 0 = 4*r - 20. Calculate the highest common factor of 55 and r.
5
Suppose -3*c + 6*c - 15 = 0. Suppose c*a - 9 = 11. Calculate the highest common divisor of 4 and a.
4
Let a be 17/5 + 2/(-5). Let v = a - 5. Let f be 7/(((-6)/3)/v). Calculate the highest common factor of f and 28.
7
Let a(x) = -x + 5. Let c be a(3). Suppose k = 2, -c*p + 0*p = -2*k - 38. Calculate the greatest common factor of 63 and p.
21
Let s(a) = -a**3 - 12*a**2 + a + 8. Let z be s(-12). Let k be (-8 - -6)/(z/102). What is the highest common divisor of k and 17?
17
Let x be -2 + 100/(4 + 1). What is the greatest common factor of 18 and x?
18
Suppose 2*c = c - 5*j - 46, -3*j = 3*c + 114. Let b be (c/(-10))/(8/20). Let g = -13 - -49. What is the greatest common divisor of b and g?
9
Let j = 4 - -54. Let i = 18 + j. Let q = -36 + i. What is the greatest common factor of q and 8?
8
Suppose 247 = 2*f + 3*n - 2*n, 249 = 2*f - n. Calculate the highest common divisor of 31 and f.
31
Let i be (-2)/(-7) + 2/(-7). Suppose i = -5*o, -4*o + 64 - 14 = 5*z. Suppose -5*r = -6 - 4. Calculate the highest common divisor of r and z.
2
Let v(q) = 4*q**2 + 10*q + 7. Let a be v(-6). Suppose 0 = 2*j + 27 - a. Suppose 3*y = y - 3*u + 17, u = 3. What is the highest common factor of j and y?
4
Let p(d) = 12*d**2 + 2*d + 1. Let a be p(-1). What is the highest common divisor of 11 and a?
11
Suppose 2 = -4*l - 2*r, -4*l + 3 = 2*r - 5*r. Let u = 1 + l. Let m be ((-16)/(-12))/(u/6). What is the greatest common divisor of m and 1?
1
Suppose -4*k - i = -37, 2*k = k - i + 7. Let h be (-2)/(-6) + (-745)/(-15). What is the highest common factor of h and k?
10
Suppose -5*t = -76 - 24. Let o be 3*(0 - -1) - -2. Calculate the highest common divisor of o and t.
5
Suppose 3*l - 76 - 44 = -3*o, 2*l - 4*o = 92. What is the greatest common factor of 14 and l?
14
Suppose 3*o - 5*t = -o + 34, -5*t = -10. What is the greatest common factor of 99 and o?
11
Suppose 0 = 2*m - 3*w - 22, -2*w = -0*m - 4*m + 36. Let i be (1/2)/(3/6). Calculate the greatest common divisor of m and i.
1
Let u(z) = z**2 + 5*z - 1. Let m = 4 - 0. Let t be u(m). Suppose -5*x - 8 = -y - 47, -5*y = -5*x + t. Calculate the highest common factor of 88 and x.
8
Let s(q) be the first derivative of -q**2 + 0*q**2 - q**2 - 2. Let y be s(-3). What is the greatest common factor of 30 and y?
6
Suppose 3*u - 2*u - 1 = 0. What is the greatest common divisor of u and 4?
1
Let s = 205 + -157. Calculate the greatest common factor of 120 and s.
24
Let r be (-98)/(-10) + (-7)/(-35). Let f be r/4 - (-2)/(-4). Suppose f*n = -2*n + 64. Calculate the highest common factor of n and 64.
16
Suppose -8*f + 33 = -303. What is the greatest common factor of f and 6?
6
Suppose -4*t = 2 - 30. Calculate the highest common divisor of 49 and t.
7
Let k be -69*((-16)/12 - 3). What is the highest common divisor of 23 and k?
23
Let w = -44 + 57. What is the greatest common divisor of w and 104?
13
Suppose 3*c = -5*t + 45 + 10, -4*c + 70 = 5*t. Let i = -12 - -27. Calculate the highest common factor of c and i.
15
Suppose -11*m + 9*m + 1078 = 0. Calculate the highest common divisor of m and 49.
49
Suppose 82 = 8*t - 430. What is the highest common factor of 8 and t?
8
Let f = -2 - -2. Suppose -4*x + 5 + 7 = f. Suppose -2*q - 3*n = -x - 11, -3*n = -6. What is the highest common factor of 16 and q?
4
Suppose -5*d - 10 - 5 = 0. Let w = d - -2. Let t be -1*(-11 - 2 - w). What is the greatest common factor of 3 and t?
3
Let g be 6/9 + (-1764)/(-27). What is the highest common divisor of g and 33?
33
Suppose -3*g + 108 = -0*g. Suppose 7*r - 75 = 2*r. Let p = r - 3. What is the greatest common factor of g and p?
12
Let v(t) = -t**2 + t + 2. Let d be v(5). Let x be 1/(-3) + (-114)/d. Let q be 2/6 + 89/3. Calculate the greatest common divisor of q and x.
6
Let l be (-1025)/(-45) + (-2)/(-9). What is the greatest common factor of l and 92?
23
Let w = -395 - -566. Suppose -9*x + 6*x = -w. Calculate the highest common factor of x and 38.
19
Suppose -9 - 6 = -5*h. Suppose 81 = 4*i - h. Let f be (-1*1)/((-4)/28). What is the highest common factor of f and i?
7
Let f(k) = -2*k**3 - 3*k**2 - k - 2. Let j be f(-2). Calculate the highest common factor of j and 44.
4
Suppose 18 = 4*i + 2. Suppose 0 = i*z + d - 70 - 33, 2*d = z - 37. Suppose 81 - 9 = 4*w. Calculate the highest common divisor of w and z.
9
Let b(q) = 2*q - 2. Suppose -2*y + 6 = 0, 13 = -5*k - 3*y + 42. Let g be b(k). Calculate the highest common factor of g and 30.
6
Let j(g) = -g + 9. Let r be j(0). Let m be 2*1/(6/27). What is the highest common factor of r and m?
9
Suppose -8*r + 30 = -3*r. Suppose -20 = -2*k + r*k. Let d = k + 25. What is the greatest common divisor of 4 and d?
4
Let z be (-30)/25*(-30)/4. What is the highest common factor of 1 and z?
1
Let h be (-132 - 2)*3/(-2). Suppose -5*m + h + 219 = 0. What is the highest common factor of 12 and m?
12
Suppose 29 = -3*f - 7. Let h = f - -25. What is the highest common factor of 13 and h?
13
Let v be (6/(-1))/(-1 + 0). Suppose 4*z = -v - 2. Let j be z/(4/(-274)) - 1. Calculate the highest common factor of 17 and j.
17
Let g = 178 + -70. Calculate the highest common divisor of g and 12.
12
Suppose -l + 4*k = k - 4, -3*k - 36 = -3*l. Let x = -11 + l. Suppose -5*t + 40 = x. What is the greatest common factor of 21 and t?
7
Suppose -x = 2*x. Suppose 0*p + 1 = 4*p - 3*n, x = p - 2*n + 6. Calculate the greatest common divisor of 10 and p.
2
Suppose 2*w = 4*w + 6. Let k be w + -1 + 6 - -9. Calculate the greatest common factor of k and 22.
11
Let c be (1 - 2) + (-1 - -15). Suppose 3*l + l - 468 = 0. Calculate the highest common factor of l and c.
13
Let n be 21*(-30)/(-18) + (-1)/(-1). Let s be 7/2 + 1/2. What is the highest common divisor of s and n?
4
Suppose -2*c = -4*q + 572, 0*q + 2*c - 572 = -4*q. Calculate the highest common divisor of q and 13.
13
Suppose -4*z + 3 = 5*m, 0*m + 3*m + 3 = 0. Let j be 1/2*(0 - z). Let y = j + 10. What is the highest common divisor of 3 and y?
3
Let c = 53 + -25. Let i = -14 + c. Calculate the highest common divisor of i and 7.
7
Let c be (-1)/((-3)/(-36)*-2). Let g(m) = 11*m. Let k be g(c). Let s = k + -34. Calculate the highest common divisor of 4 and s.
4
Suppose 4*a = -z, 32 = 7*z - 2*z + 4*a. Let r be 1/(0 - (-2)/4). What is the greatest common factor of r and z?
2
Let v be (1 + -2)*-6 - 3. Suppose -50 = -v*a - 2*a. Calculate the greatest common divisor of 10 and a.
10
Let a(c) = c**3 + 10*c**2 + 3*c - 4. Let u be a(-4). What is the highest common factor of u and 16?
16
Suppose -9*k + 256 = 7*k. Calculate the highest common factor of k and 128.
16
Let z(d) = d + 18. Let s be z(-13). Suppose 2*u = 323 - 47. Suppose -2*c - 5*b + 38 = -u, 176 = 2*c - s*b. Calculate the highest common factor of 8 and c.
8
Suppose -3*s + 217 = -119. Let t be ((-7)/14)/((-2)/s). What is the greatest common factor of t and 70?
14
Let r(n) = n**2 + 5 - 6 + 5*n - 4. Let g be r(7). Suppose 3*w + 90 = 4*b, 5*b - 3*w = g + 35. What is the greatest common factor of 12 and b?
12
Let q = -223 + 331. What is the greatest common factor of q and 9?
9
Let v = -11 - -31. Let w = 72 - 12. Calculate the greatest common divisor of v and w.
20
Let t = 0 + 15. Calculate the highest common factor of t and 90.
15
Let l = 6 + 2. Suppose l*p - 64 = 4*p. What is the greatest common divisor of 24 and p?
8
Let l be ((-2)/3)/(2/(-126)). Suppose 70*m - 36 = 64*m. What is the highest common factor of l and m?
6
Let f = 64 + -16. Suppose -1 - 59 = -5*w. Calculate the greatest common divisor of w and f.
12
Suppose -f - 3*f = 0. Let w(d) = d**2 - 4*d + 3. Let l be w(5). Suppose 4*v + 4*g - 16 = f, -v + 0 = 4*g + l. Calculate the greatest common divisor of 80 and v.
8
Let h(o) = o**2 - 6*o - 8. Let m be h(8). Let b be 1334/m - (-1)/4. Suppose 97 = 3*y - b. Calculate the highest common factor of y and 8.
8
Let a(c) = 3*c**2 + 33*c + 3. Let w be a(-11). Calculate the greatest common factor of 33 and w.
3
Let s be (-14)/21 - (-40)/1